 Suppose 0 = 5*z + c + 113. Let w = 76 + z. What are the prime factors of w?
2, 13
Let m(o) = 7*o**2 + 10*o - 17. Let t(d) = -6*d**2 - 10*d + 18. Let q(i) = -4*m(i) - 5*t(i). List the prime factors of q(-9).
2, 5
Let z = -1417 + 2245. Suppose 4*c - 4*q = z, -c + 219 = q + q. What are the prime factors of c?
211
Suppose 2*u + 15 - 1 = 0. Let l = u - -23. Let z = 38 - l. What are the prime factors of z?
2, 11
Let w = 32 + 213. What are the prime factors of w?
5, 7
Suppose 7*y - 6*y + 8 = 0. Let g(a) = -a**3 - 9*a**2 - 10*a - 11. List the prime factors of g(y).
5
Suppose 5*h = -5*x - 45, -2*x + 4*h - 27 = 9*h. Let i(b) = b + 8*b**2 - b**3 + 7 + 2*b**3 + 9*b. List the prime factors of i(x).
19
What are the prime factors of ((-2955)/25)/(16/(-560))?
3, 7, 197
Suppose 2*v + 2*p = 8, 2*v - 8*p - 7 = -9*p. List the prime factors of (6/(-4))/(v/268)*-1.
2, 67
Let h(v) = v**3 + 3*v**2 - 2*v - 2. Let u be h(-3). Suppose -c + 2*c + 434 = u*k, 2*k = -c + 220. List the prime factors of k.
109
Let m(a) be the second derivative of a**5/20 - a**3/2 + a**2 + 2*a. List the prime factors of m(3).
2, 5
What are the prime factors of ((-7)/14)/(10/(-12840))?
2, 3, 107
Let h(f) = -f**2 + 2*f + 3. Let a be h(2). Suppose 97 = -2*w + a*c + 292, -5*c = 2*w - 219. List the prime factors of w.
2, 3, 17
Suppose -13*k = -2003 - 2508. List the prime factors of k.
347
Let v(g) = -79*g**3 - g**2 - g - 1. Let u(n) = 78*n**3 + 2*n**2 + 2*n + 2. Let z(h) = 2*u(h) + 3*v(h). What are the prime factors of z(-1)?
2, 41
Let k(h) = h**2 - 9*h + 11. Let r be k(8). Let g be (r - 6) + 9/3. Suppose -4*y = g, 5*z = 2*y + 2 + 38. What are the prime factors of z?
2
Suppose 3*g - 3*l - l = -24, -3*l - 33 = 2*g. What are the prime factors of -81*(56/g)/7?
2, 3
Suppose 296 = a - 164. Suppose -5*t + a = -4*y, -4*y + 3*y = -t + 91. List the prime factors of t.
2, 3
Let a(o) = 219*o + 4. Let r = -151 + 152. List the prime factors of a(r).
223
What are the prime factors of 1/((25/(-5))/(-2165))?
433
Suppose 1566 = 4*f - 2*b, 5*f - 1945 = b + 4*b. List the prime factors of f.
2, 197
Suppose -30*p + 19*p = -440. What are the prime factors of p?
2, 5
Suppose 5*s = -v + 49 + 6, -v + 5*s = -85. Suppose 0 = 3*k - 8*k + v. Suppose g = 3 + k. What are the prime factors of g?
17
Let s be 3/(-24) + 17/8. Suppose -s*d + 7 = -9. List the prime factors of d/(-10) - (-1672)/40.
41
Suppose 0 = -2*w + 2*z - 5*z + 5895, -w - 4*z = -2950. List the prime factors of w.
2, 3, 491
Let y be ((-20)/8)/((-10)/8). Suppose -y*j + 5*j - 69 = 0. List the prime factors of j.
23
Let k = 28 + -25. Suppose -2*a - a - 159 = -k*t, a = -2*t + 103. List the prime factors of t.
2, 13
Suppose -5*s + 2*g = -0*s - 2312, 0 = 2*s - 3*g - 927. What are the prime factors of s?
2, 3, 7, 11
Let s be -1 + 4 - (-692)/4. Suppose -4*q = -2*j + 4*j - s, j - 2 = 0. What are the prime factors of q?
43
Suppose 24*g = 13392 - 2736. List the prime factors of g.
2, 3, 37
Suppose i + a = 2*i, 5 = -4*i + 3*a. List the prime factors of 25/(i/(-20)*2).
2, 5
Let x(n) = -6*n**2 - 8*n + 7. Let v be x(5). Let w be 4 - v/(-3 - -4). Suppose 4*s - w = 69. What are the prime factors of s?
2
Suppose 3289 = 5*l - 2*a, -43*a = -l - 40*a + 663. What are the prime factors of l?
3, 73
Let r = -31 + 35. List the prime factors of (0 + -1 - -2)*r.
2
What are the prime factors of 132/(-5)*(-15)/2?
2, 3, 11
Let h = 17 - 17. Let o(p) = -6*p - 4 + 2*p**2 + h*p**2 + 11. List the prime factors of o(6).
43
Let h be 75/9 - 1/3. Suppose 12 = 5*z - h. Suppose 0 = -2*a + 8 - z. List the prime factors of a.
2
Let q(n) be the third derivative of n**5/20 + n**4/6 - n**3/3 - 7*n**2. Suppose -2*i - 28 = -0*u + 5*u, -20 = 5*u. What are the prime factors of q(i)?
2, 3, 5
What are the prime factors of 703 + (-6)/24*-4?
2, 11
Let z(i) = i**2 - 6*i + 7. Let y be z(6). Let m = -7 + y. Suppose 60 = 2*q - m*q. What are the prime factors of q?
2, 3, 5
Let x = 33 - 29. Suppose 4*m = -3*f - m + 180, 0 = -x*f - 3*m + 240. What are the prime factors of f?
2, 3, 5
Suppose 0 = 4*v + 5*x + 5, -v + 2*x + 30 = 3*v. Let c = 91 + v. List the prime factors of c.
2, 3
Suppose 16*o = 5*o. List the prime factors of (2/(-1 + o))/(12/(-42)).
7
Let i(r) = -r**3 + 7*r**2 + 17*r + 7. Let l be i(9). Let n(p) = -26*p**3 + 2*p**2 + p. What are the prime factors of n(l)?
2, 107
Let l(p) = -5*p**3 - 2*p**2 + p + 2. Let w be l(-1). Suppose 0 = w*n + 8, 18 = 3*f - 3*n - 0*n. What are the prime factors of f?
2
Suppose -21*p - 4186 = -28*p. What are the prime factors of p?
2, 13, 23
Let y(b) = 2*b - 8. Suppose o = -2, -31 = -5*a - 4*o + 16. Let n be y(a). Let p = 54 - n. List the prime factors of p.
2, 5
Suppose -5*x - 3*o + 439 = 0, 2*x - 3*o = 132 + 31. Let y = x + -25. List the prime factors of y.
61
Suppose h + 0*h = 4. What are the prime factors of (6/h)/((-3)/864*-4)?
2, 3
Let f = 1247 - 381. What are the prime factors of f?
2, 433
Let i(w) = -w**3 + 19*w**2 - 14*w - 29. List the prime factors of i(14).
5, 151
List the prime factors of (-6)/14 + (6 - (-7220)/7).
17, 61
Let c be (4/12)/(7/882). Let a be (3/(-2))/(3/(-4)). Suppose -a*b + b - 2*x = -11, c = 3*b - 3*x. What are the prime factors of b?
13
Suppose a = 4*u - 4526, 5*u - 5*a + 9*a - 5668 = 0. What are the prime factors of u?
2, 283
Let s = -112 - -181. Let x = -15 + -26. Let i = x + s. What are the prime factors of i?
2, 7
Let o(p) = p**3 - 6*p**2 + p + 2. Let k be o(6). Let f(u) = -4*u**2 - 7*u - 3. Let j be f(-5). List the prime factors of j/k*(-4)/2.
17
Let g = -150 + 253. What are the prime factors of g?
103
Let f be (3/(-12))/((-1)/12). Suppose o = -5*c + 26, -f*o - 4*c + 10 = -24. Let v(p) = -p**2 + 11*p - 11. What are the prime factors of v(o)?
19
Let o(g) = g**2 - 9*g - 13. Let p be o(10). Suppose 96 = -6*r + 2*r. Let d = p - r. List the prime factors of d.
3, 7
Let g(k) = -k - 1. Suppose -2 = -3*u + 34. Let l = 3 - u. What are the prime factors of g(l)?
2
Suppose -3 = -5*r + 47. Let v = r - 5. Suppose -t = v*j + 7, -5*j - 22 = -t - 3*t. List the prime factors of t.
3
Suppose -3*d - 2*d = -8985. List the prime factors of d.
3, 599
Let x = 13 - 5. Let f be 18/x*16/6. What are the prime factors of 32/3 - f/(-18)?
11
Let q = 832 + -412. What are the prime factors of q?
2, 3, 5, 7
Let u(t) be the third derivative of 17*t**6/120 - t**4/12 + t**3/6 - 4*t**2. Let y be u(1). Suppose -y*p = -11*p - 125. List the prime factors of p.
5
Suppose -12*k = -7*k + 2*g - 2967, 5*g - 575 = -k. What are the prime factors of k?
5, 7, 17
Suppose -5*t = 3*b + 5, b + 0 = -3*t - 3. List the prime factors of ((-2)/3 + t/3)*-37.
37
Let q = 80 + 30. Suppose 482 = 8*t - q. List the prime factors of t.
2, 37
Suppose 3*q = u + 79, -4*q - 2*u + 104 = -4*u. Let i = q - 6. Let s = i - 5. List the prime factors of s.
2
Let z(l) = -l + 10. Let c be z(-4). Suppose 0 = 5*n - 8 + 48. Let s = c + n. What are the prime factors of s?
2, 3
Let u(a) = -8 - 24*a**2 - 16*a**2 + 44*a**2 + 3*a. List the prime factors of u(-4).
2, 11
Suppose -5*n - 120 = 4*l, -3*n + 59 = -3*l + n. Let a be 1 - 3 - (-2 - -13). Let c = a - l. What are the prime factors of c?
2, 3
Let i be (-6)/(-15) + 8/5. Suppose i*m = -0*m + 72. List the prime factors of 1/(-6) - (-906)/m.
5
Let q(s) = s**2 - 6*s - 2. Let y be q(7). Suppose -y*l - 5 = -0. What are the prime factors of ((-2)/(-5))/(l/(-60))?
2, 3
Let l(p) = 24*p**2 - 30*p + 100. List the prime factors of l(6).
2, 7
Let t(k) = 233*k - 148. List the prime factors of t(4).
2, 7
Let g be 5/(-3)*(6 - 12). Let y be (-2 - -2) + -2 + g. Suppose -3*n + 32 = y. What are the prime factors of n?
2
Suppose -28*o = -4842 - 13358. List the prime factors of o.
2, 5, 13
What are the prime factors of (375 - 4)/(-4 + -5 + 10)?
7, 53
Let d(i) = 3*i**2 - 5*i - 17. Suppose 45 = 20*h - 15*h. What are the prime factors of d(h)?
181
Suppose -3*n - 4*u = -20, 0*u = 2*u - 4. Let j be ((-12)/(-9))/(n/9). Suppose 7*z + 95 = 5*c + 3*z, 5*z - 57 = -j*c. What are the prime factors of c?
19
Let w = -16 - -34. Suppose 2*g + 6*i = 7*i + 8, -5*g + w = -3*i. What are the prime factors of g?
2, 3
Suppose -6*f = -3*f + 5*z - 960, -f - 3*z = -316. List the prime factors of f.
5, 13
Suppose -3*x + 90 - 36 = 0. Suppose l = -0*l + x. What are the prime factors of l?
2, 3
Suppose 5*g - 9*g = -5*k - 20093, k = -1